{"id":379,"date":"2016-02-08T09:27:59","date_gmt":"2016-02-08T08:27:59","guid":{"rendered":"http:\/\/test.taekwondo-mannheim.de\/?page_id=379"},"modified":"2016-02-08T09:27:59","modified_gmt":"2016-02-08T08:27:59","slug":"geschichte-des-taekwon-do","status":"publish","type":"page","link":"http:\/\/test.taekwondo-mannheim.de\/?page_id=379","title":{"rendered":"Geschichte des Taekwon-Do"},"content":{"rendered":"<p><img data-recalc-dims=\"1\" loading=\"lazy\" decoding=\"async\" data-attachment-id=\"380\" data-permalink=\"http:\/\/test.taekwondo-mannheim.de\/?attachment_id=380\" data-orig-file=\"https:\/\/i0.wp.com\/test.taekwondo-mannheim.de\/wp-content\/uploads\/2016\/02\/Kwon-Abzeichen.jpg?fit=292%2C390\" data-orig-size=\"292,390\" data-comments-opened=\"1\" data-image-meta=\"{&quot;aperture&quot;:&quot;0&quot;,&quot;credit&quot;:&quot;&quot;,&quot;camera&quot;:&quot;&quot;,&quot;caption&quot;:&quot;&quot;,&quot;created_timestamp&quot;:&quot;0&quot;,&quot;copyright&quot;:&quot;&quot;,&quot;focal_length&quot;:&quot;0&quot;,&quot;iso&quot;:&quot;0&quot;,&quot;shutter_speed&quot;:&quot;0&quot;,&quot;title&quot;:&quot;&quot;,&quot;orientation&quot;:&quot;0&quot;}\" data-image-title=\"Kwon Abzeichen\" data-image-description=\"\" data-image-caption=\"\" data-medium-file=\"https:\/\/i0.wp.com\/test.taekwondo-mannheim.de\/wp-content\/uploads\/2016\/02\/Kwon-Abzeichen.jpg?fit=225%2C300\" data-large-file=\"https:\/\/i0.wp.com\/test.taekwondo-mannheim.de\/wp-content\/uploads\/2016\/02\/Kwon-Abzeichen.jpg?fit=292%2C390\" class=\"alignnone size-medium wp-image-380\" src=\"https:\/\/i0.wp.com\/test.taekwondo-mannheim.de\/wp-content\/uploads\/2016\/02\/Kwon-Abzeichen.jpg?resize=225%2C300\" alt=\"Kwon Abzeichen\" width=\"225\" height=\"300\" srcset=\"https:\/\/i0.wp.com\/test.taekwondo-mannheim.de\/wp-content\/uploads\/2016\/02\/Kwon-Abzeichen.jpg?resize=225%2C300 225w, https:\/\/i0.wp.com\/test.taekwondo-mannheim.de\/wp-content\/uploads\/2016\/02\/Kwon-Abzeichen.jpg?w=292 292w\" sizes=\"auto, (max-width: 225px) 100vw, 225px\" \/>Orginal Photo des Abzeichens Grossmeister Kwon, Jae-Hwa und Meister Lee Pandae Tollyo Chagi<\/p>\n<p>Taekwon-Do ist eine koreanische Kampfkunst, die sich \u00fcber viele Jahrhunderte hinweg entwickelt hat. Um die Entstehung des Taekwon-Do zu beschreiben, muss man sich etwas mit der Geschichte Koreas besch\u00e4ftigen.<\/p>\n<p>In den ersten nachchristlichen Jahrhunderten war das Gebiet des heutigen Korea in drei K\u00f6nigreiche aufgeteilt: Koguryo im Norden, Baek Je im S\u00fcdwesten und Silla im S\u00fcdosten, wobei Koguryo fl\u00e4chenm\u00e4\u00dfig bei weitem das Gr\u00f6\u00dfte war.<\/p>\n<p>Dies f\u00fchrte dazu, dass die beiden s\u00fcdlichen L\u00e4nder Baek Je und Silla in st\u00e4ndiger Wachsamkeit gegen die milit\u00e4rische und wirtschaftliche Bedrohung aus dem Norden lebten. Vor allem f\u00fcr Silla wirkte sich dies insofern positiv aus, als die eigene Kraft und St\u00e4rke in jeder Beziehung erhalten und verbessert werden musste. Man erkannte hier, dass eine geistige \u00dcberlegenheit die Grundlage f\u00fcr das Widerstandsverm\u00f6gen gegen den Norden war, und so entwickelte man vielerlei Systeme, die die geistige Substanz des Volkes n\u00e4hrten und verbesserten.<\/p>\n<p>Zu diesem Zweck wurde unter anderem im 6. Jahrhundert n.Chr. von dem K\u00f6nig Chin-Hung das Hwarang-Do gegr\u00fcndet, eine Organisation, in der talentierte Jugend der damaligen Zeit aufgenommen und im Ideengut des Zen unterrichtet wurde. Dieses Ideengut wendete man auf verschiedene K\u00fcnste, Wissenschaften und unter anderem auch auf die Selbstverteidigung an. Damit war der Grundstein f\u00fcr die Entstehung des Taekwon-Do gegeben. F\u00fcr die Hwarang-Do Bewegung resultierte aus dem Gedankengut des Zen eine un\u00fcberwindbare St\u00e4rke, die schliesslich zu einer friedlichen Vereinigung der drei K\u00f6nigreiche unter der Leitung Sillas f\u00fchrte. In der folgenden Silla-Dynastie wurde Taekyon, so lautete der damalige Name des Taekwon-Do, 800 Jahre lang weitergepflegt und vervollkommnet. Da aber der \u00e4u\u00dfere Anlass der Auseinandersetzung mit den Nachbarstaaten im Laufe der Zeit verschwand, erlahmte die sch\u00f6pferische Kraft des Volkes, und die Entwicklung des Do stagnierte. Als im 14. Jahrhundert die Lee-Dynastie folgte, wurde das Taekyon nur noch von kleinen Gruppen am Leben erhalten. Im Jahr 1910 erfolgte die Besetzung Koreas durch japanische Truppen, und Taekyon wurde in seiner \u00f6ffentlichen Aus\u00fcbung verboten.<\/p>\n<p>Damit war aber der \u00e4u\u00dfere Anlass, der das Taekyon zu seiner einstigen Bl\u00fcte gef\u00fchrt hatte, wieder gegeben: die Bedrohung von au\u00dfen. Gerade das f\u00fchrte dazu, dass das Taekyon von neuem ausge\u00fcbt und gepflegt wurde und auch diese schlimme Zeit ohne Schaden \u00fcberstand. Nach der Niederlage der Japaner 1945 war das Interesse vorhanden, das Taekyon der \u00d6ffentlichkeit zug\u00e4nglich zu machen, und es erfolgte schnell eine allgemeine Verbreitung. In dieser Zeit entstand eine Bewegung unter der F\u00fchrung von General Choi, Hong Hi mit der Aufgabe, das Taekyon neu zu ordnen und eine umfassende \u00e4u\u00dfere Organisation zu entwerfen. Im Rahmen dieser Neuordnung \u00e4nderte er auch unter Mithilfe eines Komitees, dem bedeutende Pers\u00f6nlichkeiten Koreas angeh\u00f6rten, den Namen des Taekyon in Taekwon-Do, was soviel wie &#8222;der Weg des Fu\u00dfes und der Hand&#8220; hei\u00dft. 1965 brach eine Abordnung h\u00f6chster Dantr\u00e4ger von Korea auf, um das Taekwon-Do in der ganzen Welt zu verbreiten. Mitglied dieser Delegation war auch Grossmeister Kwon, Jae-Hwa. Seit dieser Zeit wird diese koreanische Kampfkunst auch in Europa unterrichtet.<\/p>\n","protected":false},"excerpt":{"rendered":"<p>Orginal Photo des Abzeichens Grossmeister Kwon, Jae-Hwa und Meister Lee Pandae Tollyo Chagi Taekwon-Do ist eine koreanische Kampfkunst, die sich \u00fcber viele Jahrhunderte hinweg entwickelt hat. Um die Entstehung des Taekwon-Do zu beschreiben, muss man sich etwas mit der Geschichte &hellip; <a href=\"http:\/\/test.taekwondo-mannheim.de\/?page_id=379\">Weiter<\/a><\/p>\n","protected":false},"author":2,"featured_media":0,"parent":0,"menu_order":0,"comment_status":"closed","ping_status":"closed","template":"","meta":{"jetpack_post_was_ever_published":false,"footnotes":""},"class_list":["post-379","page","type-page","status-publish","hentry"],"jetpack_sharing_enabled":true,"jetpack_shortlink":"https:\/\/wp.me\/P79Ama-67","jetpack-related-posts":[],"_links":{"self":[{"href":"http:\/\/test.taekwondo-mannheim.de\/index.php?rest_route=\/wp\/v2\/pages\/379","targetHints":{"allow":["GET"]}}],"collection":[{"href":"http:\/\/test.taekwondo-mannheim.de\/index.php?rest_route=\/wp\/v2\/pages"}],"about":[{"href":"http:\/\/test.taekwondo-mannheim.de\/index.php?rest_route=\/wp\/v2\/types\/page"}],"author":[{"embeddable":true,"href":"http:\/\/test.taekwondo-mannheim.de\/index.php?rest_route=\/wp\/v2\/users\/2"}],"replies":[{"embeddable":true,"href":"http:\/\/test.taekwondo-mannheim.de\/index.php?rest_route=%2Fwp%2Fv2%2Fcomments&post=379"}],"version-history":[{"count":2,"href":"http:\/\/test.taekwondo-mannheim.de\/index.php?rest_route=\/wp\/v2\/pages\/379\/revisions"}],"predecessor-version":[{"id":386,"href":"http:\/\/test.taekwondo-mannheim.de\/index.php?rest_route=\/wp\/v2\/pages\/379\/revisions\/386"}],"wp:attachment":[{"href":"http:\/\/test.taekwondo-mannheim.de\/index.php?rest_route=%2Fwp%2Fv2%2Fmedia&parent=379"}],"curies":[{"name":"wp","href":"https:\/\/api.w.org\/{rel}","templated":true}]}}