{"id":302,"date":"2016-01-31T17:09:31","date_gmt":"2016-01-31T16:09:31","guid":{"rendered":"http:\/\/test.taekwondo-mannheim.de\/?page_id=302"},"modified":"2016-08-11T23:46:14","modified_gmt":"2016-08-11T21:46:14","slug":"ziele-werte","status":"publish","type":"page","link":"http:\/\/test.taekwondo-mannheim.de\/?page_id=302","title":{"rendered":"Ziele &#038; Werte"},"content":{"rendered":"<p>Im Gegensatz zu anderen Sportarten, bei denen das Hauptziel darin besteht, einen Gegner zu besiegen oder Rekordmarken zu setzen, betont eine Kampfkunst nicht den Wettkampf mit anderen. Das oberste Ziel einer Kampfkunst und des Taekwon-Do ist es, jedem Sch\u00fcler zu helfen, K\u00f6rper und Geist bis hin zu h\u00f6chstm\u00f6glicher Form zu entwickeln.<\/p>\n<h4>K\u00f6rperliche Fitness<\/h4>\n<p>Durch gezielte \u00dcbungen und Techniken, wobei der gesamte K\u00f6rper miteinbezogen wird, f\u00f6rdert das traditionelle Taekwon-Do Schnelligkeit, Kraft, Beweglichkeit, verbesserte Atemtechnik und das Durchhalteverm\u00f6gen. Das Training von Technik und K\u00f6rperkontrolle leistet auch unsch\u00e4tzbare Dienste f\u00fcr Aktive anderer Sportarten.<\/p>\n<h4>Geistige Disziplin<\/h4>\n<p>K\u00f6rper und Geist wirken im Taekwon-Do zusammen, um kraftvolle und effektive Techniken hervorzubringen. Das Traditionelle Taekwon-Do f\u00f6rdert den Geist genauso wie den K\u00f6rper. Stetiges Training erh\u00f6ht die Aufmerksamkeit und die Konzentration des \u00dcbenden. Die im Taekwon-Do erworbenen F\u00e4higkeiten erstrecken sich auch auf andere Lebensbereiche.<\/p>\n<h4>Selbstvertrauen<\/h4>\n<p>Der Taekwon-Do-Sch\u00fcler lernt, sich selbst pers\u00f6nliche Ziele zu setzen und im Rahmen einer geordneten Selbstdisziplin auch zu erreichen. Er ist mit der Zeit in der Lage, Schwierigkeiten unterschiedlichster Natur im Taekwon-Do sowie Alltag zu meistern. Diese positiven Eigenschaften zusammen mit dem Zuwachs an Zuversicht durch das Erreichen k\u00f6rperlicher Fitness und geistiger Kraft f\u00fchren zu Selbstvertrauen, einem gesunden Ma\u00df an Stolz und positiver Ausstrahlung bei der Konfrontation mit den Herausforderungen des Alltags.<\/p>\n<h4>Ausdauer<\/h4>\n<p>Im Traditionellen Taekwon-Do sind harte Arbeit, Entschlossenheit und ein gewisser Lerneifer sowie die daraus resultierende Leistung die wichtigsten Faktoren, die zum Erfolg f\u00fchren. Der Fortschritt ist abh\u00e4ngig von dem Erlernten, nicht davon, ob man gewinnt oder verliert.<\/p>\n<p><strong>Im Traditionellen Taekwon-Do kann man nur gewinnen<\/strong>.<\/p>\n<p>Die erworbenen Fertigkeiten stellen die Basis dar, f\u00fcr eine h\u00f6here Stufe des Verstehens und praktizieren sowie verantwortungsvollen Handelns.<\/p>\n","protected":false},"excerpt":{"rendered":"<p>Im Gegensatz zu anderen Sportarten, bei denen das Hauptziel darin besteht, einen Gegner zu besiegen oder Rekordmarken zu setzen, betont eine Kampfkunst nicht den Wettkampf mit anderen. Das oberste Ziel einer Kampfkunst und des Taekwon-Do ist es, jedem Sch\u00fcler zu &hellip; <a href=\"http:\/\/test.taekwondo-mannheim.de\/?page_id=302\">Weiter<\/a><\/p>\n","protected":false},"author":2,"featured_media":0,"parent":0,"menu_order":0,"comment_status":"closed","ping_status":"closed","template":"","meta":{"jetpack_post_was_ever_published":false,"footnotes":""},"class_list":["post-302","page","type-page","status-publish","hentry"],"jetpack_sharing_enabled":true,"jetpack_shortlink":"https:\/\/wp.me\/P79Ama-4S","jetpack-related-posts":[],"_links":{"self":[{"href":"http:\/\/test.taekwondo-mannheim.de\/index.php?rest_route=\/wp\/v2\/pages\/302","targetHints":{"allow":["GET"]}}],"collection":[{"href":"http:\/\/test.taekwondo-mannheim.de\/index.php?rest_route=\/wp\/v2\/pages"}],"about":[{"href":"http:\/\/test.taekwondo-mannheim.de\/index.php?rest_route=\/wp\/v2\/types\/page"}],"author":[{"embeddable":true,"href":"http:\/\/test.taekwondo-mannheim.de\/index.php?rest_route=\/wp\/v2\/users\/2"}],"replies":[{"embeddable":true,"href":"http:\/\/test.taekwondo-mannheim.de\/index.php?rest_route=%2Fwp%2Fv2%2Fcomments&post=302"}],"version-history":[{"count":2,"href":"http:\/\/test.taekwondo-mannheim.de\/index.php?rest_route=\/wp\/v2\/pages\/302\/revisions"}],"predecessor-version":[{"id":479,"href":"http:\/\/test.taekwondo-mannheim.de\/index.php?rest_route=\/wp\/v2\/pages\/302\/revisions\/479"}],"wp:attachment":[{"href":"http:\/\/test.taekwondo-mannheim.de\/index.php?rest_route=%2Fwp%2Fv2%2Fmedia&parent=302"}],"curies":[{"name":"wp","href":"https:\/\/api.w.org\/{rel}","templated":true}]}}