{"id":186,"date":"2016-01-24T19:57:26","date_gmt":"2016-01-24T18:57:26","guid":{"rendered":"http:\/\/test.taekwondo-mannheim.de\/?page_id=186"},"modified":"2016-01-30T17:58:06","modified_gmt":"2016-01-30T16:58:06","slug":"taeryon-der-freikampf","status":"publish","type":"page","link":"http:\/\/test.taekwondo-mannheim.de\/?page_id=186","title":{"rendered":"TAERYON (Der Freikampf)"},"content":{"rendered":"<p class=\"font_8\">St\u00e4rkung der Entscheidungskraft<\/p>\n<p class=\"font_8\"><img data-recalc-dims=\"1\" loading=\"lazy\" decoding=\"async\" data-attachment-id=\"281\" data-permalink=\"http:\/\/test.taekwondo-mannheim.de\/?attachment_id=281\" data-orig-file=\"https:\/\/i0.wp.com\/test.taekwondo-mannheim.de\/wp-content\/uploads\/2016\/01\/40106_141244405916565_718939_n.jpg?fit=720%2C687\" data-orig-size=\"720,687\" data-comments-opened=\"1\" data-image-meta=\"{&quot;aperture&quot;:&quot;0&quot;,&quot;credit&quot;:&quot;&quot;,&quot;camera&quot;:&quot;&quot;,&quot;caption&quot;:&quot;&quot;,&quot;created_timestamp&quot;:&quot;0&quot;,&quot;copyright&quot;:&quot;&quot;,&quot;focal_length&quot;:&quot;0&quot;,&quot;iso&quot;:&quot;0&quot;,&quot;shutter_speed&quot;:&quot;0&quot;,&quot;title&quot;:&quot;&quot;,&quot;orientation&quot;:&quot;0&quot;}\" data-image-title=\"40106_141244405916565_718939_n\" data-image-description=\"\" data-image-caption=\"\" data-medium-file=\"https:\/\/i0.wp.com\/test.taekwondo-mannheim.de\/wp-content\/uploads\/2016\/01\/40106_141244405916565_718939_n.jpg?fit=300%2C286\" data-large-file=\"https:\/\/i0.wp.com\/test.taekwondo-mannheim.de\/wp-content\/uploads\/2016\/01\/40106_141244405916565_718939_n.jpg?fit=720%2C687\" class=\"alignnone size-medium wp-image-281\" src=\"https:\/\/i0.wp.com\/test.taekwondo-mannheim.de\/wp-content\/uploads\/2016\/01\/40106_141244405916565_718939_n.jpg?resize=300%2C286\" alt=\"40106_141244405916565_718939_n\" width=\"300\" height=\"286\" srcset=\"https:\/\/i0.wp.com\/test.taekwondo-mannheim.de\/wp-content\/uploads\/2016\/01\/40106_141244405916565_718939_n.jpg?resize=300%2C286 300w, https:\/\/i0.wp.com\/test.taekwondo-mannheim.de\/wp-content\/uploads\/2016\/01\/40106_141244405916565_718939_n.jpg?w=720 720w\" sizes=\"auto, (max-width: 300px) 100vw, 300px\" \/><\/p>\n<p class=\"font_8\">Im Traditionellen Taekwon-Do wird der Freikampf ohne Kontakt ausge\u00fcbt. Im Ein-Schritt-Kampf und im Freikampf werden die erlernten Angriffs- und Verteidigungstechniken gegen einen oder mehrere sich bewegende Gegner angewendet. Die harte Reglementierung soll die \u00dcbenden optimal sch\u00fctzen und zu Disziplin, Fairness und H\u00f6flichkeit &#8211; auch im Rahmen einer Auseinandersetzung &#8211; beitragen. Der Kampf im Taekwon-Do f\u00f6rdert Ausdauer, Kreativit\u00e4t und Wahrnehmungsf\u00e4higkeit; Mut und Widerstandskraft werden trainiert. Der Sch\u00fcler lernt, Verantwortung zu \u00fcbernehmen und f\u00fcr seine Handlungen und Ansichten einzustehen. Im Laufe der Zeit erkennen der Sch\u00fcler und sein Umfeld, dass sich intensives Taekwon-Do-Training auch auf die anderen Lebensbereiche wie Schule, Beruf und Privatleben positiv auswirkt.<\/p>\n","protected":false},"excerpt":{"rendered":"<p>St\u00e4rkung der Entscheidungskraft Im Traditionellen Taekwon-Do wird der Freikampf ohne Kontakt ausge\u00fcbt. Im Ein-Schritt-Kampf und im Freikampf werden die erlernten Angriffs- und Verteidigungstechniken gegen einen oder mehrere sich bewegende Gegner angewendet. Die harte Reglementierung soll die \u00dcbenden optimal sch\u00fctzen und &hellip; <a href=\"http:\/\/test.taekwondo-mannheim.de\/?page_id=186\">Weiter<\/a><\/p>\n","protected":false},"author":2,"featured_media":0,"parent":0,"menu_order":0,"comment_status":"closed","ping_status":"closed","template":"","meta":{"jetpack_post_was_ever_published":false,"footnotes":""},"class_list":["post-186","page","type-page","status-publish","hentry"],"jetpack_sharing_enabled":true,"jetpack_shortlink":"https:\/\/wp.me\/P79Ama-30","jetpack-related-posts":[],"_links":{"self":[{"href":"http:\/\/test.taekwondo-mannheim.de\/index.php?rest_route=\/wp\/v2\/pages\/186","targetHints":{"allow":["GET"]}}],"collection":[{"href":"http:\/\/test.taekwondo-mannheim.de\/index.php?rest_route=\/wp\/v2\/pages"}],"about":[{"href":"http:\/\/test.taekwondo-mannheim.de\/index.php?rest_route=\/wp\/v2\/types\/page"}],"author":[{"embeddable":true,"href":"http:\/\/test.taekwondo-mannheim.de\/index.php?rest_route=\/wp\/v2\/users\/2"}],"replies":[{"embeddable":true,"href":"http:\/\/test.taekwondo-mannheim.de\/index.php?rest_route=%2Fwp%2Fv2%2Fcomments&post=186"}],"version-history":[{"count":2,"href":"http:\/\/test.taekwondo-mannheim.de\/index.php?rest_route=\/wp\/v2\/pages\/186\/revisions"}],"predecessor-version":[{"id":282,"href":"http:\/\/test.taekwondo-mannheim.de\/index.php?rest_route=\/wp\/v2\/pages\/186\/revisions\/282"}],"wp:attachment":[{"href":"http:\/\/test.taekwondo-mannheim.de\/index.php?rest_route=%2Fwp%2Fv2%2Fmedia&parent=186"}],"curies":[{"name":"wp","href":"https:\/\/api.w.org\/{rel}","templated":true}]}}