{"id":13,"date":"2016-01-24T19:16:38","date_gmt":"2016-01-24T18:16:38","guid":{"rendered":"http:\/\/test.taekwondo-mannheim.de\/?page_id=13"},"modified":"2016-01-24T19:16:38","modified_gmt":"2016-01-24T18:16:38","slug":"taekwon-do-fuer-jugendliche","status":"publish","type":"page","link":"http:\/\/test.taekwondo-mannheim.de\/?page_id=13","title":{"rendered":"Taekwon-Do f\u00fcr Jugendliche"},"content":{"rendered":"<ul class=\"font_8\">\n<li>\n<p class=\"font_8\">Taekwon-Do tr\u00e4gt zur F\u00f6rderung des Sozialverhaltens bei:<\/p>\n<ul class=\"font_8\">\n<li>\n<p class=\"font_8\">Verhaltensauff\u00e4llige Jugendliche werden hier schnell lernen sich in einer Gruppe einzuf\u00fcgen und den Vorteil des gesch\u00fctzten Raumes zu sch\u00e4tzen.<\/p>\n<\/li>\n<li>\n<p class=\"font_8\">Stille Jugendliche werden z.B. ermutigt, sich mehr zuzutrauen oder hyperaktive Jugendliche lernen sich in eine Gruppe einzuf\u00fcgen und R\u00fccksicht auf andere zu nehmen.<\/p>\n<\/li>\n<\/ul>\n<\/li>\n<\/ul>\n<ul class=\"font_8\">\n<li>\n<p class=\"font_8\">Jugendliche, die sich viel bewegen, dabei ihren K\u00f6rper und dessen Grenzen kennen lernen, st\u00e4rken ihr Ich- Gef\u00fchl. Das hei\u00dft: Sport macht nicht nur stark und schlau, sondern auch selbstsicher.(quelle Eltern.de)<\/p>\n<\/li>\n<\/ul>\n<ul class=\"font_8\">\n<li>\n<p class=\"font_8\">Sportp\u00e4dagogin Dr. Renate Zimmer schreibt:\u201c Nur wenn Jugendliche ausreichend Bewegungsm\u00f6glichkeiten haben, k\u00f6nnen sie auch zu Ruhe und Konzentration finden.\u201c (quelle Eltern.de)<\/p>\n<\/li>\n<\/ul>\n<ul class=\"font_8\">\n<li>\n<p class=\"font_8\">In Jugendlichetraining werden Respekt, Konzentration und Disziplin besonders betont.<\/p>\n<\/li>\n<\/ul>\n<ul class=\"font_8\">\n<li>\n<p class=\"font_8\">Ausdauer, Kraft, Schnelligkeit, Beweglichkeit, Gewandtheit, Koordination.<\/p>\n<\/li>\n<\/ul>\n<ul class=\"font_8\">\n<li>\n<p class=\"font_8\">Traditonelle Taekwon-Do lehrt Selbstkontrolle.<\/p>\n<\/li>\n<\/ul>\n<ul class=\"font_8\">\n<li>\n<p class=\"font_8\">Die Jugendliche lernen Disziplin. Sie m\u00fcssen sich an die Regeln der Schule halten. Sie m\u00fcssen kontinuierlich an ihren Techniken arbeiten um besser zu werden. Sie lernen sich \u00fcber einen l\u00e4ngeren Zeitraum zu konzentrieren. Au\u00dferdem k\u00f6nnen die Kinder ihre aggressive und \u00fcbersch\u00fcssige Energie im Training abbauen.<\/p>\n<\/li>\n<\/ul>\n<ul class=\"font_8\">\n<li>\n<p class=\"font_8\">Vielseitige Bewegungserfahrungen nicht nur die k\u00f6rperliche Entwicklung, sondern auch die geistige Leistungsf\u00e4higkeit und das soziale Verhalten positiv beeinflussen.<\/p>\n<\/li>\n<\/ul>\n<ul class=\"font_8\">\n<li>\n<p class=\"font_8\">Junge Menschen in ihrer Selbstentwicklung motivieren, anleiten und unterst\u00fctzen sowie ihre Leistungen anerkennen.<\/p>\n<\/li>\n<\/ul>\n<ul class=\"font_8\">\n<li>\n<p class=\"font_8\">Die p\u00e4dagogischen Perspektiven:<\/p>\n<ul class=\"font_8\">\n<li>\n<p class=\"font_8\">Wahrnehmungsf\u00e4higkeit verbessern, Bewegungserfahrungen erweitern<\/p>\n<\/li>\n<li>\n<p class=\"font_8\">Sich k\u00f6rperlich ausdr\u00fccken, Bewegungen gestalten<\/p>\n<\/li>\n<li>\n<p class=\"font_8\">Etwas wagen und verantworten<\/p>\n<\/li>\n<li>\n<p class=\"font_8\">Das Leisten erfahre, verstehen und einsch\u00e4tzen<\/p>\n<\/li>\n<li>\n<p class=\"font_8\">Gesundheit f\u00f6rdern, Gesundheitsbewu\u00dftsein entwickeln<\/p>\n<\/li>\n<\/ul>\n<\/li>\n<\/ul>\n","protected":false},"excerpt":{"rendered":"<p>Taekwon-Do tr\u00e4gt zur F\u00f6rderung des Sozialverhaltens bei: Verhaltensauff\u00e4llige Jugendliche werden hier schnell lernen sich in einer Gruppe einzuf\u00fcgen und den Vorteil des gesch\u00fctzten Raumes zu sch\u00e4tzen. Stille Jugendliche werden z.B. ermutigt, sich mehr zuzutrauen oder hyperaktive Jugendliche lernen sich in &hellip; <a href=\"http:\/\/test.taekwondo-mannheim.de\/?page_id=13\">Weiter<\/a><\/p>\n","protected":false},"author":2,"featured_media":0,"parent":0,"menu_order":0,"comment_status":"closed","ping_status":"closed","template":"","meta":{"jetpack_post_was_ever_published":false,"footnotes":""},"class_list":["post-13","page","type-page","status-publish","hentry"],"jetpack_sharing_enabled":true,"jetpack_shortlink":"https:\/\/wp.me\/P79Ama-d","jetpack-related-posts":[],"_links":{"self":[{"href":"http:\/\/test.taekwondo-mannheim.de\/index.php?rest_route=\/wp\/v2\/pages\/13","targetHints":{"allow":["GET"]}}],"collection":[{"href":"http:\/\/test.taekwondo-mannheim.de\/index.php?rest_route=\/wp\/v2\/pages"}],"about":[{"href":"http:\/\/test.taekwondo-mannheim.de\/index.php?rest_route=\/wp\/v2\/types\/page"}],"author":[{"embeddable":true,"href":"http:\/\/test.taekwondo-mannheim.de\/index.php?rest_route=\/wp\/v2\/users\/2"}],"replies":[{"embeddable":true,"href":"http:\/\/test.taekwondo-mannheim.de\/index.php?rest_route=%2Fwp%2Fv2%2Fcomments&post=13"}],"version-history":[{"count":2,"href":"http:\/\/test.taekwondo-mannheim.de\/index.php?rest_route=\/wp\/v2\/pages\/13\/revisions"}],"predecessor-version":[{"id":108,"href":"http:\/\/test.taekwondo-mannheim.de\/index.php?rest_route=\/wp\/v2\/pages\/13\/revisions\/108"}],"wp:attachment":[{"href":"http:\/\/test.taekwondo-mannheim.de\/index.php?rest_route=%2Fwp%2Fv2%2Fmedia&parent=13"}],"curies":[{"name":"wp","href":"https:\/\/api.w.org\/{rel}","templated":true}]}}